(7 - -32)?
20
What is the value of 26 + -1 + 1502 + -1489?
38
-1 + 25 - (-74 - -82)
16
Calculate -30 - 7 - (1 + -10) - (10 + 1).
-39
Calculate -2 - -1 - (48 + -48 + 19).
-20
What is 5 - -1 - (-16 + 35 + -16)?
3
What is -60 + 71 + -9 + 1 + 1?
4
-13 - (-57 - (-19 + -7))
18
(-7 + 3 - 3) + (21 - (2 - 0))
12
What is the value of 17 + (8 - 8) + -3?
14
Calculate -1 - -2 - (-13 - -41 - (-1 - -8)).
-20
Evaluate (-20 - 8 - -5) + 6.
-17
(-8 - -12) + (13 - (4 - -1)) + 6
18
Evaluate 13 + (0 - -1 - (6 + 1)).
7
What is the value of -8 + (20 - (-17 - 0 - -28))?
1
Calculate -18 - -2 - (66 + -101 - -21).
-2
Calculate (21 + -52 - -13) + (1 - 3).
-20
Calculate (0 - -4) + -20 - (65 - 80).
-1
What is 12 + 0 - (-208 + 209)?
11
Calculate -4 + -7 + 14 - -8.
11
(16 - 5) + 145 + -159
-3
Calculate 15 - (4 + (6 - (-5 + -2))).
-2
What is the value of -4 + (-12 - 0) + 11 + 9?
4
What is (-7 - -14 - 15) + 18?
10
What is the value of -12 - (6 - -3 - (-11 - -23))?
-9
What is -10 - (-10 + -4 + 1)?
3
What is the value of (-4 - 2) + (5 - (3 + 1 + -2))?
-3
Calculate 6 + 12 + -5 - (0 + 29).
-16
Calculate -6 + 8 + -11 + 10 + 9 + -1.
9
-177 - -146 - ((4 - 2) + -11)
-22
(13 + 3 - 8) + -16 - 4
-12
What is the value of (-6 - (2 + 0)) + (2 - (-14 + 14))?
-6
Evaluate -47 + 58 + -6 + 0 - (0 - -8).
-3
What is -14 + (-11 - -24 - 2) - -2?
-1
What is the value of -5 - (-17 + 7 + 1 + -1 + 25)?
-20
Evaluate (-137 - -130) + (-7 - -2) + 2 + -2.
-12
What is (1 + -10 - -20) + -22?
-11
Evaluate 1 + -23 - (-5 - 8) - -12.
3
What is 12 + 10 + -25 + 10 - (2 + -1)?
6
What is the value of 21 + (-47 - -25) + (3 - -1)?
3
Evaluate 6 - (5 - ((-4 - 10) + 6)) - 4.
-11
50 - 51 - (8 + 1 - (5 + -2))
-7
Evaluate -2 - (-4 + 9) - (8 + -14) - -7.
6
(14 - -1) + -21 + -4 + -2
-12
Calculate -9 + (8 + 1 + -7 - 2) + 5.
-4
Evaluate 1 + -4 + (1 - -14 - 24).
-12
Calculate 174 + -143 + (-5 - 4).
22
12 + -14 - (-10 - (-5 + 2 - 0))
5
-19 + -21 + 29 - (-1 - -2)
-12
Evaluate -7 + (-17 - -19) + 2.
-3
What is 1 + (27 + 0 - 13)?
15
95 + -81 - (17 - -2)
-5
What is the value of 45 + -37 - (-3 + 7 - 0)?
4
What is -7 - 0 - (-3 + -19 + 15)?
0
Calculate -13 - ((-5 - 1) + -5) - (0 - 6).
4
What is 3 - 0 - (9 - (30 + -11) - 3)?
16
What is (-11 - -13) + -9 + 0 + -1?
-8
Calculate 10 + 16 + -10 - 54 - (0 - 0).
-38
What is 2 - 1 - 3 - (-15 + -15 + 15)?
13
Evaluate 6 + -7 - (31 + -26).
-6
What is the value of 1 + 0 + 2 - (33 - 30)?
0
Calculate 16 - (2 - -3) - (20 + 2).
-11
What is 29 - (76 - 24) - -48?
25
What is the value of -9 + 14 + -12 - (5 + 2)?
-14
-16 + -75 + 87 + (-1 - 0) + 3
-2
What is -16 + (15 + (4 - 16) - 7)?
-20
Calculate (-1 - -3) + (25 + (4 - 9) - 11).
11
What is (16 - 27) + 0 + 10 + -2?
-3
Calculate -6 + 3 + 0 - ((20 - 1) + -9).
-13
What is the value of -1 + -2 + (-4 - -4) + 0 + 4?
1
Evaluate 42 + -21 + -30 - (-13 - -2).
2
What is (0 - 10) + 0 + 1 - (2 - 0)?
-11
Calculate -26 + 14 + -2 + 15.
1
Evaluate 27 + (-14 - (2 + -7)) + -6.
12
Evaluate -21 + 14 + 6 - -7.
6
(-1 - 3) + 15 + -6 + 8
13
Calculate 10 + -13 + 37 + -12.
22
Evaluate 14 + -15 + 60 + -29.
30
Evaluate (-6 - 0) + -1 - (6 + -3 + -9).
-1
What is the value of -8 + -1 + -16 + (20 - 14)?
-19
What is 12 + -15 + 6 + -16?
-13
What is the value of (15 - (4 - (-14 - -7))) + 31?
35
Evaluate 11 - (1 - -8 - (17 + -20)).
-1
What is the value of 1086 + -1099 + 0 + (1 - -27)?
15
Evaluate -9 + (-10 + -10 - -17).
-12
Evaluate 0 + -13 + (726 - 722).
-9
Evaluate 3 + -1 + 0 + (7 - 12).
-3
Evaluate -3 + -3 + (20 + -5 - 1) + 4.
12
Calculate (49 - 81) + 40 - 50.
-42
What is (2 - (2 - 3)) + -33 + 25 + -1?
-6
(-4 - -7 - (0 - 2)) + -290 + 279
-6
Evaluate 11 + (0 - 19) - 11.
-19
What is the value of ((-9 - 1) + 14 - 2) + 20 + -3?
19
Calculate 17 - 6 - (-4 + -6 + 0).
21
Calculate 0 + 25 + -14 + -6.
5
What is the value of -1 - -20 - 20 - (5 - 0)?
-6
What is -5 - (4 - (28 - 12))?
7
What is (-1 - 1 - 2) + -10?
-14
0 + -27 + 5 + -5 - (38 - 45)
-20
Evaluate 14 + 0 + 2 + 6 + (14 - 15).
21
Calculate (12 - 4) + 3 + 4 + -7 + 5.
13
(8 - (1 + -1) - 1) + 13
20
Calculate 16 + (-21 - -7 - -7) - 9.
0
What is (-7 - (5 - (7 - -1))) + -2 + -1?
-7
What is (2 + 4 - (-13 + 20)) + 18?
17
Evaluate 33 - (-15 - (-43 + -21)).
-16
What is 16 - (-4 - (-6 + 3 + -9))?
8
Calculate -579 + 569 + 1 + 4.
-5
Calculate (-6 - -13) + -3 - (-9 + 6).
7
What is the value of 0 + -5 + -32 + 29 + 21?
13
-10 - (0 + (0 + 1 + 1 - 0))
-12
Evaluate (-7 - -10 - 5) + -1 + -2 + 3.
-2
What is 2 + 14 + 4 + -7 + -8?
5
What is the value of -6 - ((4 - 12) + 8 + -13)?
7
Evaluate -45 + 20 - -3 - -14.
-8
(-69 - -70) + -3 + 5 + -16
-13
Evaluate (2 - (-8 + -1 - -13)) + -6 - 9.
-17
What is -10 - (15 + -14 + 13 - -2)?
-26
What is 2 + (2 - 11) + (-6 - -9)?
-4
Calculate 13 - (-21 + 38 + -3 + 14).
-15
What is -3 + (12 - -8) + -29?
-12
Calculate 1 + -5 + -8 + 12 + -7 + -8.
-15
What is -8 - 0 - (1 - 2) - (9 - 13)?
-3
Calculate 8 + -9 - ((0 - 0) + -17 + 14).
2
What is the value of -5 + 13 - (-1 - (-6 + 1))?
4
What is the value of (-255 - -216) + (1 - -36)?
-2
What is -17 + 6 + -10 + 14?
-7
Calculate -11 + (-2 - (1 + -2)) + 7.
-5
What is the value of 13 + (-28 - -17) + -1 + (-4 - -2)?
-1
Calculate 14 - 6 - (-7 - -5 - 2).
12
What is (115 - 142) + (-1 - -10)?
-18
Calculate (-8 - -5 - 6) + -9 - -12.
-6
-48 + 45 + -21 + 1
-23
Evaluate 11 + (11 + -7 - 15) - (-2 + -3).
5
Evaluate 28 + -9 + (12 - 21) + (8 - -3).
21
Calculate -5 + (1 + 1 - (-12 - -5 - 0)).
4
What is the value of -5 + 5 - (-7 + (-3 - -4) - -12)?
-6
-35 - (-13 + (-8 - -4))
-18
Evaluate (5 - 11) + 19 - (0 - 3 - -1).
15
What is the value of -3 - (8 - (1 + -3 + 8))?
-5
Calculate (8 - (-2 + 2)) + (-7 - -11 - 0).
12
Evaluate (-7 - (6 + -6)) + -8 - -9.
-6
What is -8 + (-4 - -8) + 10 + (10 - 9)?
7
What is -43 - (-38 - -54 - 47)?
-12
What is the value of 26 + -64 - -19 - (-7 - 0)?
-12
Evaluate -11 - -7 - 26 - (1 - (13 + -3)).
-21
Calculate (11 + -17 + 2 - (-16 + 4)) + 4.
12
What is 0 + 0 - ((-6 + 3 - -10) + -15)?
8
4 - (2 - (-11 - -5)) - (-30 + 20)
6
Calculate -15 + 11 + -10 + 19 - 4.
1
-24 + -13 + (35 + -4 - 6)
-12
Calculate 1 + 7 + (1 - ((-10 - -17) + -4)).
6
Calculate (1 - (-22 + 14)) + -22.
-13
What is -439 + 428 - (-18 + 5)?
2
What is the value of -12 + 7 + 6 + 3?
4
Evaluate 7 + -14 + -22 + 38.
9
8 - 6 - (2 - 1) - (-6 - 1)
8
Calculate 23 + -18 - (75 + -68).
-2
Evaluate (-139 - -102) + (-17 - -60).
6
What is the value of -23 - (-3 - 17 - 24)?
21
What is (-23 - -29) + (1 - (0 + -1))?
8
What is 2 - 16 - (15 - 7 - 1)?
-21
What is (3 + -2 - 8) + 217 + -214?
-4
35 + (4 - (10 - -10))
19
What is 2 + (-12 - -4) + 9 + 5?
8
Calculate 3 + 8 + -13 + -6.
-8
Calculate 10 + -5 + 14 + -5 + (11 - 1).
24
Evaluate -12 + 4 - (6 + -16) - 11.
-9
-1 + (-10 + 17 - 10)
-4
Evaluate (1 - -22) + -1288 + 1284.
19
What is the value of (0 - 8) + (13 + -34 - -51)?
22
16 + -18 + 7 + -3
2
What is the value of 0 + (4 - -4) + (-105 - -119)?
22
Evaluate -8 - 2 - (2 + 13 - 9).
-16
Evaluate 6 + 0 + (36 - 48).
-6
2 + 5 - (211 + -196)
-8
Calculate 12 + -24 + (-3 - -7) + 8.
0
-10 - (-27 - 0 - -11 - -8)
-2
-1 - (-2 - 0) - (-1093 - -1100)
-6
Evaluate 3 - (-1 + 9 + -57 + 50).
2
Evaluate (-3 - -1) + (-15 - -11) + -16.
-22
Evaluate 6 + -1 + (70 - 75) + (4 - 6).
-2
What is (4 - (-1 - 0)) + (1 - 12)?
-6
What is 22 + 0 + 12 + -22?
12
-651 + 644 + -6 + 0
-13
Calculate 2 + -3 + -3 + (15 - 9).
2
What is 5 - -1 - ((2 - -3) + 7 + -4)?
-2
Evaluate -33 + 25 - (-9 + -5 + (4 - -6)).
-4
What is the value of -5 - (14 + (-12 + 3 - 12))?
2
Calculate -1 + 13 - (6 - (4 - (6 + -2))).
6
What is 14 + (-9 - 0 - (208 - 214))?
11
(-10 - (-9 + 6)) + 8 + 3 + -1
3
Evaluate 4 - ((-33 - -21) + 12).
4
What is -41 + 20 + 29 + -25?
-17
What is 63 + -72 - (-7 + -1 - -2)?
-3
Evaluate 8 + 32 + -11 + -20.
9
What is the value of -33 + (-19 - -37) + 16?
1
What is the value of (-1 - 0 - 13) + (4 - -1)?
-9
Calculate 11 + -1 + -1 + 196 + -200.
5
What is the value of (0 - (-7 - 2)) + 2 + -4 + -34?
-27
-13 - (-11 + (-5 - -6))
-3
What is the value of (-19 - (-1 - 4)) + 29 - -14?
29
Calculate -12 + (8 - 6) + 3.
-7
What is -11 + -1 - (-5 + 0)?
-7
Evaluate 52 + -13 + -16 - 9.
14
Calculate 16 - 0 - (-6 + 15 + -5 + -3).
15
What is (-18 + (-3 - -30) - (8 + -1)) + 15?
17
Calculate (6 + -1 - 5) + 3 - -9.
12
Calculate -3 + -3 + -4 + 25 - 10.
5
(-2 - 0 - (3 + -20)) + (-15 - -12)
12
What is the value of 0 - (5 + -1